git of 4889?
8
What is the tens digit of 5984?
8
What is the tens digit of 622?
2
What is the hundreds digit of 22694?
6
What is the hundreds digit of 59121?
1
What is the hundreds digit of 265?
2
What is the units digit of 5186?
6
What is the hundreds digit of 701?
7
What is the hundreds digit of 4592?
5
What is the tens digit of 1551?
5
What is the hundreds digit of 4538?
5
What is the tens digit of 126989?
8
What is the hundreds digit of 2216?
2
What is the units digit of 5097?
7
What is the tens digit of 1228?
2
What is the ten thousands digit of 25270?
2
What is the tens digit of 1446?
4
What is the units digit of 631?
1
What is the ten thousands digit of 176841?
7
What is the units digit of 2114?
4
What is the hundreds digit of 2748?
7
What is the units digit of 20207?
7
What is the tens digit of 4005?
0
What is the units digit of 17170?
0
What is the thousands digit of 5347?
5
What is the thousands digit of 5857?
5
What is the ten thousands digit of 24482?
2
What is the units digit of 158613?
3
What is the hundreds digit of 2053?
0
What is the units digit of 575?
5
What is the units digit of 2645?
5
What is the hundreds digit of 2156?
1
What is the ten thousands digit of 62901?
6
What is the hundreds digit of 4021?
0
What is the tens digit of 1248?
4
What is the tens digit of 858?
5
What is the units digit of 515?
5
What is the hundreds digit of 52250?
2
What is the units digit of 257?
7
What is the ten thousands digit of 64303?
6
What is the units digit of 148?
8
What is the tens digit of 6997?
9
What is the tens digit of 11586?
8
What is the thousands digit of 2496?
2
What is the tens digit of 17663?
6
What is the ten thousands digit of 26819?
2
What is the units digit of 463?
3
What is the tens digit of 63333?
3
What is the units digit of 33481?
1
What is the thousands digit of 3875?
3
What is the units digit of 64032?
2
What is the units digit of 34?
4
What is the thousands digit of 29356?
9
What is the thousands digit of 1869?
1
What is the tens digit of 4595?
9
What is the thousands digit of 45261?
5
What is the units digit of 5866?
6
What is the ten thousands digit of 12120?
1
What is the units digit of 1585?
5
What is the thousands digit of 3493?
3
What is the tens digit of 2404?
0
What is the units digit of 7050?
0
What is the units digit of 23338?
8
What is the hundreds digit of 690?
6
What is the hundreds digit of 55243?
2
What is the thousands digit of 1906?
1
What is the ten thousands digit of 32447?
3
What is the units digit of 95205?
5
What is the units digit of 9415?
5
What is the units digit of 214?
4
What is the ten thousands digit of 113673?
1
What is the thousands digit of 7263?
7
What is the tens digit of 66520?
2
What is the thousands digit of 5988?
5
What is the hundreds digit of 11160?
1
What is the units digit of 956?
6
What is the ten thousands digit of 168844?
6
What is the tens digit of 1738?
3
What is the units digit of 218?
8
What is the hundreds digit of 767?
7
What is the thousands digit of 25124?
5
What is the ten thousands digit of 35305?
3
What is the hundreds digit of 83898?
8
What is the tens digit of 17587?
8
What is the hundreds digit of 106552?
5
What is the units digit of 255?
5
What is the units digit of 1221?
1
What is the units digit of 479?
9
What is the hundreds digit of 1297?
2
What is the thousands digit of 10533?
0
What is the tens digit of 2281?
8
What is the tens digit of 7546?
4
What is the thousands digit of 8856?
8
What is the units digit of 2099?
9
What is the hundreds digit of 37481?
4
What is the tens digit of 988?
8
What is the units digit of 4774?
4
What is the units digit of 26630?
0
What is the hundred thousands digit of 111160?
1
What is the units digit of 12009?
9
What is the ten thousands digit of 78310?
7
What is the units digit of 6161?
1
What is the ten thousands digit of 86744?
8
What is the hundreds digit of 28859?
8
What is the units digit of 95?
5
What is the hundreds digit of 2320?
3
What is the units digit of 471?
1
What is the units digit of 2910?
0
What is the thousands digit of 3449?
3
What is the thousands digit of 87341?
7
What is the thousands digit of 83780?
3
What is the units digit of 21924?
4
What is the hundreds digit of 888?
8
What is the units digit of 3943?
3
What is the ten thousands digit of 23414?
2
What is the thousands digit of 97421?
7
What is the tens digit of 11255?
5
What is the tens digit of 6188?
8
What is the hundreds digit of 4485?
4
What is the tens digit of 18695?
9
What is the units digit of 8827?
7
What is the hundred thousands digit of 145458?
1
What is the thousands digit of 1990?
1
What is the thousands digit of 56923?
6
What is the hundreds digit of 14088?
0
What is the units digit of 1561?
1
What is the hundreds digit of 51196?
1
What is the tens digit of 24814?
1
What is the thousands digit of 2082?
2
What is the tens digit of 37139?
3
What is the hundreds digit of 780?
7
What is the units digit of 8043?
3
What is the hundreds digit of 9544?
5
What is the hundreds digit of 1334?
3
What is the hundreds digit of 23708?
7
What is the units digit of 2058?
8
What is the thousands digit of 4698?
4
What is the ten thousands digit of 120128?
2
What is the hundreds digit of 7882?
8
What is the hundreds digit of 14611?
6
What is the thousands digit of 21247?
1
What is the tens digit of 462?
6
What is the hundreds digit of 1809?
8
What is the tens digit of 6698?
9
What is the tens digit of 899?
9
What is the tens digit of 1176?
7
What is the thousands digit of 2630?
2
What is the units digit of 1344?
4
What is the units digit of 564?
4
What is the hundreds digit of 88252?
2
What is the hundreds digit of 16724?
7
What is the hundreds digit of 1029?
0
What is the ten thousands digit of 35877?
3
What is the tens digit of 8539?
3
What is the thousands digit of 1336?
1
What is the thousands digit of 9985?
9
What is the thousands digit of 104016?
4
What is the hundreds digit of 1620?
6
What is the thousands digit of 17026?
7
What is the thousands digit of 5427?
5
What is the tens digit of 993?
9
What is the tens digit of 1299?
9
What is the tens digit of 2273?
7
What is the hundreds digit of 855?
8
What is the tens digit of 2871?
7
What is the thousands digit of 1025?
1
What is the thousands digit of 9548?
9
What is the thousands digit of 65400?
5
What is the units digit of 57842?
2
What is the ten thousands digit of 11378?
1
What is the hundreds digit of 5837?
8
What is the tens digit of 54739?
3
What is the ten thousands digit of 21156?
2
What is the tens digit of 698?
9
What is the hundreds digit of 1488?
4
What is the tens digit of 1424?
2
What is the tens digit of 14454?
5
What is the units digit of 5908?
8
What is the units digit of 17921?
1
What is the ten thousands digit of 89015?
8
What is the tens digit of 1740?
4
What is the thousands digit of 46373?
6
What is the hundreds digit of 260?
2
What is the thousands digit of 11870?
1
What is the tens digit of 19231?
3
What is the thousands digit of 100129?
0
What is the tens digit of 17458?
5
What is the thousands digit of 1307?
1
What is the ten thousands digit of 35074?
3
What is the ten thousands digit of 13809?
1
What is the hundred thousands digit of 175913?
1
What is the thousands digit of 64453?
4
What is the thousands digit of 31265?
1
What is the ten thousands digit of 43437?
4
What is the tens digit of 12472?
7
What is the hundreds digit of 866?
8
What is the hundreds digit of 5734?
7
What is the tens digit of 752?
5
What is the units digit of 3695?
5
What is the tens digit of 20683?
8
What is the units digit of 1045?
5
What is the thousands digit of 1156?
1
What is the tens digit of 351?
5
What is the hundreds digit of 240?
2
What is the hundred thousands digit of 169675?
1
What is the units digit of 336?
6
What is the thousands digit of 3669?
3
What is the units digit of 1875?
5
What is the hundreds digit of 6348?
3
What is the hundreds digit of 4186?
1
What is the hundreds digit of 1020?
0
What is the thousands digit of 16737?
6
What is the units digit of 1000?
0
What is the hundreds digit of 916?
9
What is the hundred thousands digit of 165803?
1
What is the hundreds digit of 1023?
0
What is the tens digit of 6401?
0
What is the tens digit of 606?
0
What is the units digi